{"id":1490,"date":"2023-10-13T05:45:57","date_gmt":"2023-10-13T05:45:57","guid":{"rendered":"https:\/\/wordpress.validthemes.net\/check\/?page_id=1490"},"modified":"2024-06-28T05:08:09","modified_gmt":"2024-06-28T05:08:09","slug":"inicio","status":"publish","type":"page","link":"https:\/\/solucol.com\/","title":{"rendered":"Inicio"},"content":{"rendered":"\t\t<div data-elementor-type=\"wp-page\" data-elementor-id=\"1490\" class=\"elementor elementor-1490\">\n\t\t\t\t\t\t<section class=\"elementor-section elementor-top-section elementor-element elementor-element-e4bdcc6 elementor-section-full_width elementor-section-height-default elementor-section-height-default\" data-id=\"e4bdcc6\" data-element_type=\"section\">\n\t\t\t\t\t\t<div class=\"elementor-container elementor-column-gap-no\">\n\t\t\t\t\t<div class=\"elementor-column elementor-col-100 elementor-top-column elementor-element elementor-element-f80396f\" data-id=\"f80396f\" data-element_type=\"column\">\n\t\t\t<div class=\"elementor-widget-wrap\">\n\t\t\t\t\t\t\t<\/div>\n\t\t<\/div>\n\t\t\t\t\t<\/div>\n\t\t<\/section>\n\t\t\t\t<section class=\"elementor-section elementor-top-section elementor-element elementor-element-5c1803b elementor-section-full_width elementor-section-height-default elementor-section-height-default\" data-id=\"5c1803b\" data-element_type=\"section\" data-settings=\"{&quot;background_background&quot;:&quot;classic&quot;}\">\n\t\t\t\t\t\t<div class=\"elementor-container elementor-column-gap-no\">\n\t\t\t\t\t<div class=\"elementor-column elementor-col-100 elementor-top-column elementor-element elementor-element-4c892b1\" data-id=\"4c892b1\" data-element_type=\"column\">\n\t\t\t<div class=\"elementor-widget-wrap elementor-element-populated\">\n\t\t\t\t\t\t<div class=\"elementor-element elementor-element-4c1b21c elementor-widget elementor-widget-dilabsbanner\" data-id=\"4c1b21c\" data-element_type=\"widget\" data-widget_type=\"dilabsbanner.default\">\n\t\t\t\t<div class=\"elementor-widget-container\">\n\t\t\t<div class=\"banner-software text-center text-light\" style=\"background-image: url(https:\/\/wordpress.validthemes.net\/check\/wp-content\/uploads\/2023\/10\/banner-7.jpg);\"><div class=\"container\"><div class=\"content-box\"><div class=\"row align-center\"><div class=\"col-lg-8 offset-lg-2 info\"><h2 class=\"wow fadeInRight\" data-wow-defaul=\"300ms\">Soluciones integrales para <strong>modernizar<\/strong> su empresa<\/h2><p class=\"wow fadeInLeft\" data-wow-delay=\"500ms\">Las soluciones comerciales innovadoras ayudan a\nlas empresas a encontrar y capitalizar posibilidades\ndistintivas que les brindan una ventaja estrat\u00e9gica\ny significativa en la industria.<\/p><div class=\"button wow fadeInDown\" data-wow-delay=\"700ms\"><a href=\"#\" class=\"popup-youtube video-play-button with-text mt-20\"><div class=\"effect\"><\/div><span><i class=\"fas fa-play\"><\/i> Presentaci\u00f3n<\/span><\/a><\/div><\/div><div class=\"col-lg-10 offset-lg-1\"><div class=\"thumb-inner\"><img decoding=\"async\" class=\"wow fadeInUp\" data-wow-delay=\"800ms\" src=\"https:\/\/wordpress.validthemes.net\/check\/wp-content\/uploads\/2023\/10\/1-1.jpg\" alt=\"Thumb\"><img decoding=\"async\" class=\"wow fadeInLeft\" data-wow-delay=\"500ms\" src=\"https:\/\/wordpress.validthemes.net\/check\/wp-content\/uploads\/2023\/10\/d1.jpg\" alt=\"Thumb\"><img decoding=\"async\" class=\"wow fadeInLeft\" data-wow-delay=\"300ms\" src=\"https:\/\/wordpress.validthemes.net\/check\/wp-content\/uploads\/2023\/10\/d2.jpg\" alt=\"Thumb\"><\/div><\/div><\/div><\/div><\/div> <\/div>\t\t<\/div>\n\t\t\t\t<\/div>\n\t\t\t\t<div class=\"elementor-element elementor-element-8503f44 elementor-widget elementor-widget-dilabsfeatures\" data-id=\"8503f44\" data-element_type=\"widget\" data-widget_type=\"dilabsfeatures.default\">\n\t\t\t\t<div class=\"elementor-widget-container\">\n\t\t\t<div class=\"feature-style-four-area default-padding\"><div class=\"shape\"><img decoding=\"async\" src=\"https:\/\/wordpress.validthemes.net\/check\/wp-content\/uploads\/2023\/10\/41.png\" alt=\"Image Not Found\"><\/div><div class=\"container\"><div class=\"row\"><div class=\"col-lg-4\"><h4 class=\"sub-title\">Lo que hacemos<\/h4><h2 class=\"title mb-30 mb-md-50\">Generar Mejoras Tecnol\u00f3gicas <\/h2><div class=\"feature-alert\"><p>Trabajando con diferentes empresas para la mejor en sus sistemas y servicios de ventas direccionadas a clientes.<\/p><div class=\"fun-fact\"><div class=\"counter\"><div class=\"timer\" data-to=\"468\" data-speed=\"2000\">6<\/div><div class=\"operator\">\u00a0<\/div><\/div><p><span class=\"medium\">Contratas activas<\/span><\/p><\/div><\/div><\/div><div class=\"col-lg-7 offset-lg-1\"><div class=\"row cont\"><div class=\"col-md-6 mb-30\"><div class=\"feature-style-four-item\"><i class=\"fas fa-phone\"><\/i><h4>Soluciones Call Center<\/h4><p>Desarrollamos, implementamos y administramos soluciones de contactabilidad a clientes.  Permitimos mejor alcance de los clientes.<\/p><\/div><\/div><div class=\"col-md-6 mb-30\"><div class=\"feature-style-four-item\"><i class=\"fas fa-cog\"><\/i><h4>Soluciones Remotas<\/h4><p>Completamos un sistema de control para personal remoto.  Permitiendo ahorrar costos en infraestructura sin perder el control de la empresa.<\/p><\/div><\/div><div class=\"col-md-6 mb-30\"><div class=\"feature-style-four-item\"><i class=\"fas fa-lightbulb-on\"><\/i><h4>Marketing<\/h4><p>Implementamos distintas estrategias de marketing para poder ampliar la llegada digital hacia los clientes.<\/p><\/div><\/div><div class=\"col-md-6 mb-30\"><div class=\"feature-style-four-item\"><i class=\"fas fa-handshake-alt\"><\/i><h4>Uni\u00f3n<\/h4><p>Hemos generado diferentes alianzas durante  el tiempo para poder traerles las mejores soluciones a sus negocios.<\/p><\/div><\/div><\/div><\/div><\/div><\/div><\/div>\t\t<\/div>\n\t\t\t\t<\/div>\n\t\t\t\t\t<\/div>\n\t\t<\/div>\n\t\t\t\t\t<\/div>\n\t\t<\/section>\n\t\t\t\t<section class=\"elementor-section elementor-top-section elementor-element elementor-element-2e57984 elementor-section-full_width elementor-section-height-default elementor-section-height-default\" data-id=\"2e57984\" data-element_type=\"section\">\n\t\t\t\t\t\t<div class=\"elementor-container elementor-column-gap-no\">\n\t\t\t\t\t<div class=\"elementor-column elementor-col-100 elementor-top-column elementor-element elementor-element-cbfc0c7\" data-id=\"cbfc0c7\" data-element_type=\"column\">\n\t\t\t<div class=\"elementor-widget-wrap elementor-element-populated\">\n\t\t\t\t\t\t<div class=\"elementor-element elementor-element-d2da035 elementor-widget elementor-widget-dilabsappfeature\" data-id=\"d2da035\" data-element_type=\"widget\" data-widget_type=\"dilabsappfeature.default\">\n\t\t\t\t<div class=\"elementor-widget-container\">\n\t\t\t<div class=\"overview-area\"><div class=\"container\"><div class=\"row\"><div class=\"col-lg-8 offset-lg-2\"><div class=\"site-heading text-center\"><h4 class=\"sub-title\">Desarollo de Plataformas<\/h4><h2 class=\"title\">Creamos plataformas a medida para cada empresa y sus requerimientos.  Ninguna empresa es igual a otra<\/h2><\/div><\/div><\/div><\/div> <div class=\"container\"><div class=\"row\"><div class=\"col-lg-12\"><div class=\"overview-items\"><div class=\"overview-carousel swiper\"><!-- Additional required wrapper --><div class=\"swiper-wrapper\"><!-- Single item --><div class=\"swiper-slide\"><div class=\"overview-item\"><div class=\"overview-thumb\"><img decoding=\"async\" src=\"https:\/\/wordpress.validthemes.net\/check\/wp-content\/uploads\/2023\/10\/1-3.jpg\" alt=\"Solucol\"  \/><\/div><div class=\"overview-content\"><h2>Soluciones Completas<\/h2><p>Generamos soluciones totales para su empresa.\u00a0 Detectamos los puntos d\u00e9biles y las activamos.\u00a0<\/p><ul><li>Soluciones de Call Center<\/li><li>Gesti\u00f3n de Call Center<\/li><li>Integraci\u00f3n y desarrollo de CRM<\/li><li>Manejo de Marketing Digital para su empresa<\/li><\/ul><\/div><\/div><\/div><!-- Single item --><\/div><!-- If we need pagination --><div class=\"overview-pagination\"><div class=\"swiper-pagination\"><\/div><\/div><\/div><\/div><\/div><\/div><\/div><\/div>\t\t<\/div>\n\t\t\t\t<\/div>\n\t\t\t\t\t<\/div>\n\t\t<\/div>\n\t\t\t\t\t<\/div>\n\t\t<\/section>\n\t\t\t\t<section class=\"elementor-section elementor-top-section elementor-element elementor-element-bc2fa54 elementor-section-full_width elementor-section-height-default elementor-section-height-default\" data-id=\"bc2fa54\" data-element_type=\"section\">\n\t\t\t\t\t\t<div class=\"elementor-container elementor-column-gap-no\">\n\t\t\t\t\t<div class=\"elementor-column elementor-col-100 elementor-top-column elementor-element elementor-element-c12003a\" data-id=\"c12003a\" data-element_type=\"column\">\n\t\t\t<div class=\"elementor-widget-wrap elementor-element-populated\">\n\t\t\t\t\t\t<div class=\"elementor-element elementor-element-277056c elementor-widget elementor-widget-dilabsoffer\" data-id=\"277056c\" data-element_type=\"widget\" data-widget_type=\"dilabsoffer.default\">\n\t\t\t\t<div class=\"elementor-widget-container\">\n\t\t\t<div class=\"software-benifits-area overflow-hidden default-padding\"><div class=\"container\"><div class=\"row\"><div class=\"col-xl-6 col-lg-5\"><h5 class=\"sub-title\">Beneficios de Solucol<\/h5><h2 class=\"title mb-30\">Desarrollamos su Necesidad<\/h2><p>A diferencia de muchas empresas en el mercado.  Solcuol como empresa que brinda soluciones integrales para su negocio.  Analizamos su empresa desde 0 para saber donde es necesario generar cambios .<\/p><ul class=\"list-double mt-40\"><li><h5>Estudio de Empresa<\/h5><p>Comenzamos con un an\u00e1lisis de cada \u00e1rea de la empresa para poder ver las fallas actuales y poder brindarle soluciones.<\/p><\/li><li><h5>An\u00e1lisis<\/h5><p>Generamos un an\u00e1lisis comprensivo de los requerimientos necesarios y presentamos una propuesta de mejor\u00eda.<\/p><\/li><li><h5>Implementaci\u00f3n\/Seguimiento<\/h5><p>A base de los resultados comenzamos implementando y acompa\u00f1\u00e1ndolos en el camino de los cambios.  Los cambios siempre son dif\u00edciles, pero con Solucol a su lado ser\u00e1n nuestra responsabilidad.  Los acompa\u00f1amos durante todo el camino de implementaci\u00f3n y capacitaci\u00f3n.  <\/p><\/li><\/ul><\/div><div class=\"col-lg-6 offset-lg-1 col-xl-5 offset-xl-1\"><div class=\"soft-illustration\"><img decoding=\"async\" src=\"https:\/\/wordpress.validthemes.net\/check\/wp-content\/uploads\/2023\/10\/14.png\" alt=\"Solucol\"  \/><\/div><\/div><\/div><\/div><\/div>\t\t<\/div>\n\t\t\t\t<\/div>\n\t\t\t\t\t<\/div>\n\t\t<\/div>\n\t\t\t\t\t<\/div>\n\t\t<\/section>\n\t\t\t\t<section class=\"elementor-section elementor-top-section elementor-element elementor-element-3a50983 elementor-section-full_width elementor-section-height-default elementor-section-height-default\" data-id=\"3a50983\" data-element_type=\"section\">\n\t\t\t\t\t\t<div class=\"elementor-container elementor-column-gap-no\">\n\t\t\t\t\t<div class=\"elementor-column elementor-col-100 elementor-top-column elementor-element elementor-element-448eebb\" data-id=\"448eebb\" data-element_type=\"column\">\n\t\t\t<div class=\"elementor-widget-wrap elementor-element-populated\">\n\t\t\t\t\t\t<div class=\"elementor-element elementor-element-8897d1d elementor-widget elementor-widget-dilabscounterup\" data-id=\"8897d1d\" data-element_type=\"widget\" data-widget_type=\"dilabscounterup.default\">\n\t\t\t\t<div class=\"elementor-widget-container\">\n\t\t\t<div class=\"fun-facts-area bg-gradient text-light  default-padding\"><!-- Shape --><div class=\"shape\"><img decoding=\"async\" src=\"https:\/\/wordpress.validthemes.net\/check\/wp-content\/uploads\/2023\/10\/map.png\" alt=\"Solucol\"  \/><\/div><!-- End Shape --><div class=\"container\"><div class=\"item-inner\"><div class=\"row\"><div class=\"col-lg-3 col-md-6 item\"><div class=\"fun-fact\"><div class=\"counter\"><div class=\"timer\" data-to=\"6\" data-speed=\"2000\">6<\/div><\/div><span class=\"medium\">Contratas Activas<\/span><\/div><\/div><div class=\"col-lg-3 col-md-6 item\"><div class=\"fun-fact\"><div class=\"counter\"><div class=\"timer\" data-to=\"37\" data-speed=\"2000\">37<\/div><\/div><span class=\"medium\">Clientes Satisfechos<\/span><\/div><\/div><div class=\"col-lg-3 col-md-6 item\"><div class=\"fun-fact\"><div class=\"counter\"><div class=\"timer\" data-to=\"20\" data-speed=\"2000\">20<\/div><\/div><span class=\"medium\">A\u00f1os de Experiencia<\/span><\/div><\/div><div class=\"col-lg-3 col-md-6 item\"><div class=\"fun-fact\"><div class=\"counter\"><div class=\"timer\" data-to=\"60\" data-speed=\"2000\">60<\/div><div class=\"operator\">+<\/div><\/div><span class=\"medium\">Trabajadores Activos<\/span><\/div><\/div><\/div><\/div><\/div><\/div>\t\t<\/div>\n\t\t\t\t<\/div>\n\t\t\t\t\t<\/div>\n\t\t<\/div>\n\t\t\t\t\t<\/div>\n\t\t<\/section>\n\t\t\t\t<section class=\"elementor-section elementor-top-section elementor-element elementor-element-e431bf5 elementor-section-full_width elementor-section-height-default elementor-section-height-default\" data-id=\"e431bf5\" data-element_type=\"section\">\n\t\t\t\t\t\t<div class=\"elementor-container elementor-column-gap-no\">\n\t\t\t\t\t<div class=\"elementor-column elementor-col-100 elementor-top-column elementor-element elementor-element-66e0fbb\" data-id=\"66e0fbb\" data-element_type=\"column\">\n\t\t\t<div class=\"elementor-widget-wrap elementor-element-populated\">\n\t\t\t\t\t\t<div class=\"elementor-element elementor-element-9d277ed elementor-widget elementor-widget-dilabscontactinfo\" data-id=\"9d277ed\" data-element_type=\"widget\" data-widget_type=\"dilabscontactinfo.default\">\n\t\t\t\t<div class=\"elementor-widget-container\">\n\t\t\t<div class=\"contact-area overflow-hidden default-padding\" style=\"background-image: url(https:\/\/wordpress.validthemes.net\/dilabs\/wp-content\/uploads\/2023\/06\/map.png);\"><div class=\"shape-right-bottom\"><img decoding=\"async\" src=\"https:\/\/wordpress.validthemes.net\/dilabs\/wp-content\/uploads\/2023\/06\/18.png\" alt=\"Shape\"><\/div><div class=\"container\"><div class=\"row align-center\"><div class=\"col-tact-stye-one col-lg-5\"><div class=\"contact-style-one-info\"><div class=\"mb-40\"><h2>Cont\u00e1ctanos<\/h2><p>Necesitas una asesor\u00eda o consultor\u00eda? Env\u00edanos un mensaje para poder contactarnos contigo de inmediato.  El momento para el cambio ha llegado.<\/p><\/div><ul class=\"contact-address\"><li class=\"wow fadeInUp\"><div class=\"content\"><h4 class=\"title\">Telefono<\/h4><a href=\"tel:51903521853\">51 903 521 853<\/a><\/div><\/li><li class=\"wow fadeInUp\" data-wow-delay=\"300ms\"><div class=\"info\"><h4 class=\"title\">Location<\/h4><p>\nCalle Los Robles 327, San Isidro, Lima, Per\u00fa                                    <\/p><\/div><\/li><li class=\"wow fadeInUp\" data-wow-delay=\"500ms\"><div class=\"info\"><h4 class=\"title\">Correo<\/h4><a href=\"mailto:administracion@solucol.com\">administracion@solucol.com<\/a><\/div><\/li><li class=\"wow fadeInUp\" data-wow-delay=\"700ms\"><div class=\"info\"> <h4 class=\"title\">Redes Sociales<\/h4><ul class=\"social-link\"> <li><a  target=\"_blank\" rel=\"nofollow\" href=\"https:\/\/www.facebook.com\/solucolglobal\"><i aria-hidden=\"true\" class=\"fab fa-facebook-f\"><\/i><\/a>  <\/li> <li><a  target=\"_blank\" rel=\"nofollow\" href=\"https:\/\/www.linkedin.com\/company\/solucol\/\"><svg aria-hidden=\"true\" class=\"e-font-icon-svg e-fab-linkedin-in\" viewBox=\"0 0 448 512\" xmlns=\"http:\/\/www.w3.org\/2000\/svg\"><path d=\"M100.28 448H7.4V148.9h92.88zM53.79 108.1C24.09 108.1 0 83.5 0 53.8a53.79 53.79 0 0 1 107.58 0c0 29.7-24.1 54.3-53.79 54.3zM447.9 448h-92.68V302.4c0-34.7-.7-79.2-48.29-79.2-48.29 0-55.69 37.7-55.69 76.7V448h-92.78V148.9h89.08v40.8h1.3c12.4-23.5 42.69-48.3 87.88-48.3 94 0 111.28 61.9 111.28 142.3V448z\"><\/path><\/svg><\/a>  <\/li><\/ul><\/div><\/li><\/ul><\/div><\/div><div class=\"col-tact-stye-one col-lg-6 offset-lg-1\"><div class=\"contact-form-style-one\"><h4 class=\"sub-title\">\u00bfTienes Preguntas?<\/h4> <h2 class=\"title\">Env\u00edanos un mensaje<\/h2>\n<div class=\"wpcf7 no-js\" id=\"wpcf7-f609-o1\" lang=\"en-US\" dir=\"ltr\">\n<div class=\"screen-reader-response\"><p role=\"status\" aria-live=\"polite\" aria-atomic=\"true\"><\/p> <ul><\/ul><\/div>\n<form action=\"\/index.php\/wp-json\/wp\/v2\/pages\/1490#wpcf7-f609-o1\" method=\"post\" class=\"wpcf7-form init\" aria-label=\"Contact form\" novalidate=\"novalidate\" data-status=\"init\">\n<div style=\"display: none;\">\n<input type=\"hidden\" name=\"_wpcf7\" value=\"609\" \/>\n<input type=\"hidden\" name=\"_wpcf7_version\" value=\"5.9.8\" \/>\n<input type=\"hidden\" name=\"_wpcf7_locale\" value=\"en_US\" \/>\n<input type=\"hidden\" name=\"_wpcf7_unit_tag\" value=\"wpcf7-f609-o1\" \/>\n<input type=\"hidden\" name=\"_wpcf7_container_post\" value=\"0\" \/>\n<input type=\"hidden\" name=\"_wpcf7_posted_data_hash\" value=\"\" \/>\n<\/div>\n<div class=\"contact-form contact-form\">\n\t<div class=\"row\">\n\t\t<div class=\"col-lg-12\">\n\t\t\t<div class=\"form-group\">\n\t\t\t\t<p><span class=\"wpcf7-form-control-wrap\" data-name=\"text-903\"><input size=\"40\" maxlength=\"400\" class=\"wpcf7-form-control wpcf7-text wpcf7-validates-as-required form-control\" id=\"text-903\" aria-required=\"true\" aria-invalid=\"false\" placeholder=\"Nombre\" value=\"\" type=\"text\" name=\"text-903\" \/><\/span>\n\t\t\t\t<\/p>\n\t\t\t<\/div>\n\t\t<\/div>\n\t<\/div>\n\t<div class=\"row\">\n\t\t<div class=\"col-lg-6\">\n\t\t\t<div class=\"form-group\">\n\t\t\t\t<p><span class=\"wpcf7-form-control-wrap\" data-name=\"email-58\"><input size=\"40\" maxlength=\"400\" class=\"wpcf7-form-control wpcf7-email wpcf7-validates-as-required wpcf7-text wpcf7-validates-as-email form-control\" id=\"email-58\" aria-required=\"true\" aria-invalid=\"false\" placeholder=\"Correo*\" value=\"\" type=\"email\" name=\"email-58\" \/><\/span>\n\t\t\t\t<\/p>\n\t\t\t<\/div>\n\t\t<\/div>\n\t\t<div class=\"col-lg-6\">\n\t\t\t<div class=\"form-group\">\n\t\t\t\t<p><span class=\"wpcf7-form-control-wrap\" data-name=\"text-238\"><input size=\"40\" maxlength=\"400\" class=\"wpcf7-form-control wpcf7-text form-control\" id=\"text-238\" aria-invalid=\"false\" placeholder=\"Telefono\" value=\"\" type=\"text\" name=\"text-238\" \/><\/span>\n\t\t\t\t<\/p>\n\t\t\t<\/div>\n\t\t<\/div>\n\t<\/div>\n\t<div class=\"row\">\n\t\t<div class=\"col-lg-12\">\n\t\t\t<div class=\"form-group comments\">\n\t\t\t\t<p><span class=\"wpcf7-form-control-wrap\" data-name=\"textarea-630\"><textarea cols=\"40\" rows=\"10\" maxlength=\"2000\" class=\"wpcf7-form-control wpcf7-textarea wpcf7-validates-as-required form-control\" id=\"textarea-630\" aria-required=\"true\" aria-invalid=\"false\" placeholder=\"Cuentanos de tu proyecto *\" name=\"textarea-630\"><\/textarea><\/span>\n\t\t\t\t<\/p>\n\t\t\t<\/div>\n\t\t<\/div>\n\t<\/div>\n\t<div class=\"row\">\n\t\t<div class=\"col-lg-12\">\n\t\t\t<p><button type=\"submit\" class=\"wpcf7\" name=\"submit\" id=\"submit\"><i class=\"fa fa-paper-plane\"><\/i> Enviar<\/button>\n\t\t\t<\/p>\n\t\t<\/div>\n\t<\/div>\n <!-- Alert Message -->\n\t<div class=\"col-lg-12 alert-notification\">\n\t\t<div id=\"message\" class=\"alert-msg\">\n\t\t<\/div>\n\t<\/div>\n<\/div><div class=\"wpcf7-response-output\" aria-hidden=\"true\"><\/div>\n<\/form>\n<\/div>\n<\/div><\/div><\/div><\/div><\/div>\t\t<\/div>\n\t\t\t\t<\/div>\n\t\t\t\t\t<\/div>\n\t\t<\/div>\n\t\t\t\t\t<\/div>\n\t\t<\/section>\n\t\t\t\t<\/div>\n\t\t","protected":false},"excerpt":{"rendered":"<p>Soluciones integrales para modernizar su empresa Las soluciones comerciales innovadoras ayudan a las empresas a encontrar y capitalizar posibilidades distintivas que les brindan una ventaja estrat\u00e9gica y significativa en la industria. Presentaci\u00f3n Lo que hacemos Generar Mejoras Tecnol\u00f3gicas Trabajando con diferentes empresas para la mejor en sus sistemas y servicios de ventas direccionadas a clientes&#8230;.<\/p>\n","protected":false},"author":1,"featured_media":0,"parent":0,"menu_order":0,"comment_status":"closed","ping_status":"closed","template":"template-builder.php","meta":{"footnotes":""},"class_list":["post-1490","page","type-page","status-publish","hentry"],"_links":{"self":[{"href":"https:\/\/solucol.com\/index.php\/wp-json\/wp\/v2\/pages\/1490","targetHints":{"allow":["GET"]}}],"collection":[{"href":"https:\/\/solucol.com\/index.php\/wp-json\/wp\/v2\/pages"}],"about":[{"href":"https:\/\/solucol.com\/index.php\/wp-json\/wp\/v2\/types\/page"}],"author":[{"embeddable":true,"href":"https:\/\/solucol.com\/index.php\/wp-json\/wp\/v2\/users\/1"}],"replies":[{"embeddable":true,"href":"https:\/\/solucol.com\/index.php\/wp-json\/wp\/v2\/comments?post=1490"}],"version-history":[{"count":16,"href":"https:\/\/solucol.com\/index.php\/wp-json\/wp\/v2\/pages\/1490\/revisions"}],"predecessor-version":[{"id":2738,"href":"https:\/\/solucol.com\/index.php\/wp-json\/wp\/v2\/pages\/1490\/revisions\/2738"}],"wp:attachment":[{"href":"https:\/\/solucol.com\/index.php\/wp-json\/wp\/v2\/media?parent=1490"}],"curies":[{"name":"wp","href":"https:\/\/api.w.org\/{rel}","templated":true}]}}